 y and 1?
1
Let x(t) = t**2 - 3*t - 4. Let z be x(-6). Suppose -19 - 101 = -5*w - 4*s, -2*s - z = -3*w. Let m = 16 + w. Calculate the highest common factor of 4 and m.
4
Let b = -17 - -22. Let q be (2 + (-6)/b)*10. What is the greatest common divisor of q and 12?
4
Let o = 123 - 87. Suppose 0 = 4*n - 2*v - o, -3*n - 2*v + 9 = -11. What is the highest common factor of 8 and n?
8
Let r(b) = b**2 - 4*b. Let g be r(5). Let o be 0*(-1 + 0)/(-1). Let j = o + g. Calculate the greatest common factor of 40 and j.
5
Let v = 3 - -35. What is the greatest common divisor of 57 and v?
19
Let z(m) = 10*m**2 - m + 1. Let k be z(1). Let t(y) = 3*y**2 + 2. Suppose 2*u - 4 = u. Let s be t(u). Calculate the highest common factor of k and s.
10
Let p = 11 - 4. What is the greatest common divisor of 21 and p?
7
Let p be 797/(-5) + 15/(-25). Let i = p - -292. What is the highest common divisor of i and 12?
12
Let r(g) = g**3 - 2*g**2 + 3*g. Let v be r(2). Suppose s = v*s - 20. What is the greatest common divisor of s and 6?
2
Let a be ((210/(-9))/(-5))/(2/9). What is the highest common factor of a and 7?
7
Suppose -40 = -0*f - 3*f - o, 50 = 2*f - 4*o. Let p = 332 - 167. What is the greatest common divisor of p and f?
15
Let o = 53 - 23. What is the greatest common factor of 30 and o?
30
Let y(m) be the second derivative of m**4/12 - m**3 + 9*m**2/2 + 2*m. Let d be y(7). What is the highest common divisor of d and 64?
16
Suppose 2*z = -42 + 338. Suppose 20 = -4*w + z. Calculate the highest common divisor of 16 and w.
16
Suppose 3*z + 4 - 928 = 0. What is the highest common divisor of 28 and z?
28
Suppose 2*f = 5*r - 10, 7*r - 2*r = -3*f + 10. Suppose 11 = r*d - 9. Suppose 2*m - 3*m + 50 = 0. Calculate the greatest common divisor of d and m.
10
Suppose 35 = 2*f + 3*f + 5*q, f + 2*q = 12. What is the greatest common factor of f and 8?
2
Suppose 3*c = 4*x - 23, -x + 13 = x - 3*c. Suppose 3*a + x*k - 95 = 0, -3*k + 0*k + 65 = 2*a. What is the greatest common divisor of a and 8?
8
Let c = 155 + -85. What is the highest common divisor of c and 10?
10
Let l(k) = 3*k**2 + 2*k. Let t be l(-3). Calculate the greatest common factor of 21 and t.
21
Let g(c) = 13*c - 18. Let l be g(6). What is the highest common divisor of l and 30?
30
Let k(m) = m**2 - 7*m + 9. Let x be k(6). Suppose -x*p + 45 = -0*p. Calculate the greatest common factor of 6 and p.
3
Suppose 11*g = -2*g + 858. Calculate the highest common factor of 22 and g.
22
Let j = -73 + 105. What is the greatest common divisor of 160 and j?
32
Let q(n) = n**3 - 10*n**2 + 10*n + 5. Let d(v) = v**3 + 4*v**2 - v + 5. Let s be d(-4). Let p be q(s). Calculate the highest common factor of 14 and p.
14
Let g be 4/(-8)*2 - -29. Calculate the greatest common divisor of 84 and g.
28
Suppose 0 = -3*i + i. Let q be 6 - (2 - (2 - i)). Suppose -107 + 371 = 4*g. What is the greatest common divisor of g and q?
6
Suppose -4*r = 3*w - 742, -r - 258 = -w - 5*r. Calculate the highest common divisor of 22 and w.
22
Suppose -2*m - 102 = -5*s + 2*m, 15 = -5*m. What is the highest common divisor of 6 and s?
6
Let x be 28/(-126) - (-83)/9. What is the greatest common factor of x and 171?
9
Suppose 0 = 3*r - 0*r + k - 169, -279 = -5*r + k. What is the greatest common divisor of r and 8?
8
Let i(t) = -6*t**2 + 2*t - 1. Let u be i(1). Let s = 6 + u. Let x be (s + -2)/1 + 16. What is the highest common factor of 3 and x?
3
Suppose 4*p + 3*a - 103 = 29, -104 = -3*p - a. Suppose 9 + 9 = d. Calculate the highest common divisor of d and p.
18
Suppose 2*s - 480 = -3*d, 0*s = 4*d + 2*s - 640. What is the greatest common factor of d and 64?
32
Let s(w) = -47*w**3 + w**2 - w - 1. Let c be s(-1). Let h be (-9)/(4/(16/(-3))). What is the greatest common factor of c and h?
12
Let o be (-2)/3 - 451/(-33). Calculate the greatest common factor of o and 91.
13
Let b(a) = -4*a + 0 - 2*a + 1 - a. Let s be b(-1). What is the greatest common factor of 20 and s?
4
Suppose -5*d + 117 - 17 = 0. Calculate the greatest common factor of d and 5.
5
Suppose 2*d + 2*d = 48. Suppose 2*u - q = -3*q + 28, 2*u - 2*q = 44. Calculate the greatest common factor of u and d.
6
Let h be (-33)/(-1)*8/6. Suppose f + 113 = 4*d, -2*f = -2*d - 4*f + h. Calculate the greatest common divisor of d and 18.
9
Let g(d) = d**2 - d + 3. Let i be g(0). Suppose 2*f + 182 = i*a - 348, -885 = -5*a + 5*f. What is the greatest common divisor of 16 and a?
16
Let z(h) = -h**3 - 3*h**2 + 2. Let u be z(-3). Let x(m) = m**3 + 6*m**2 + 3*m + 4. Let k be x(-5). Calculate the greatest common factor of k and u.
2
Let b be (3/6)/((-2)/(-24)). Suppose -3 = -f, -f = 4*k - b*f - 57. Suppose 2*z + 0*z - k = 0. Calculate the greatest common factor of z and 18.
9
Let p be 16/(-3) + (-1)/(-3). Let l(n) = -n**3 - 6*n**2 - 6*n + 4. Let f be l(p). What is the highest common divisor of f and 18?
9
Suppose -5 = -5*y - 0*q + 5*q, q = -5*y - 1. Let x = y - -5. Suppose -2*b - 54 = -x*b. Calculate the highest common divisor of 36 and b.
18
Let d be ((-1)/(-2))/(10/480). Let a = -5 + 8. What is the highest common factor of d and a?
3
Let i(q) = -2*q - 5. Let l be i(-5). Calculate the greatest common factor of 2 and l.
1
Suppose -4*z + 262 = 2*v, 5*z - z - 129 = -v. Let h = v + -88. Suppose a - h = 43. What is the highest common divisor of 8 and a?
8
Let y(p) be the second derivative of 2*p**3/3 - 5*p. Let f be y(2). Calculate the highest common factor of f and 20.
4
Suppose 0 = 2*t + 3*w - 21, -5*t + 2*w - 9 + 109 = 0. Let g(x) = x + 6. Let i be g(0). What is the greatest common divisor of t and i?
6
Let x(q) = 9*q - 26. Let m be x(6). What is the greatest common divisor of 42 and m?
14
Let z(u) = 16*u - 1. Let r be z(3). Suppose 0 = -q - 0*l - 4*l + 44, -3*q + r = -5*l. Calculate the highest common factor of 216 and q.
24
Suppose 20*w + 175 = 575. What is the greatest common divisor of 12 and w?
4
Let d = 66 - 46. Calculate the greatest common factor of 5 and d.
5
Suppose 5 - 2 = -3*d. Let r = d - -5. Suppose 4*s - 72 = -5*f, -2*s + r*f = -0*f - 10. What is the highest common divisor of s and 65?
13
Let v(t) = -t**3 - 4*t**2 + 5*t - 1. Let w be v(-5). Let j(m) = 18*m**2 + m. Let p be j(w). Calculate the greatest common divisor of 17 and p.
17
Let o = -12 + 6. Let a = o - -21. Let s = 3 + 2. What is the greatest common factor of a and s?
5
Let y = -37 + 109. Calculate the highest common factor of y and 18.
18
Suppose -93 + 688 = w. Suppose 4*f - w = -f. What is the highest common factor of 17 and f?
17
Let l = 10 - 13. Let v(u) = -1 + 1 - 3 - u**2 - 5*u + 0. Let w be v(l). What is the highest common factor of 6 and w?
3
Let c(d) = -5*d + 2. Let m be c(-5). Let v(r) = 4*r**2 - 1. Let w be v(1). Calculate the highest common divisor of w and m.
3
Suppose -5*q + 2*q = -60. What is the greatest common factor of 4 and q?
4
Suppose 2*s - 34 = 2. Suppose -n + 5*n = w - 64, -5*w - 2*n = -364. What is the highest common divisor of s and w?
18
Let w(p) = p - 2. Let r(b) = b - 1. Let x(d) = -3*r(d) + 4*w(d). Let o be x(4). Let s be -13*-7*(2 + o). Calculate the greatest common factor of s and 13.
13
Suppose -10*v + 11*v = 90. Calculate the greatest common factor of v and 36.
18
Suppose 5*c = 2*g - 4*g + 47, 0 = -3*c - 3*g + 30. What is the highest common divisor of c and 27?
9
Suppose -4*h = 3*x - 198, 5*x + 3 = -7. Let v = h + -36. Calculate the highest common factor of 3 and v.
3
Suppose -50 = -4*v + 270. Calculate the highest common factor of 10 and v.
10
Let o(a) = -2*a**3 - 10*a**2 - 7*a - 2. Let p be o(-6). Suppose -2*k = 2*k - p. Suppose -88 + k = -5*b. What is the highest common factor of b and 12?
12
Let z(b) = -3 - 2*b - 2*b + 3*b**2 - 4*b**2. Let h be z(-2). Calculate the highest common factor of h and 5.
1
Let t be (-1127)/(-5) - 10/25. Let b(u) = 7*u**2 + u - 1. Let d be b(-2). Calculate the greatest common divisor of t and d.
25
Let l(c) = -c**3 - 11*c**2 + 7. Let m be l(-11). Calculate the highest common factor of m and 28.
7
Let q(x) = x - 2. Let s be q(3). Let w(j) = j**2 - 9*j - 3. Let p be w(10). Suppose 4*n - p - s = 0. What is the highest common factor of 1 and n?
1
Let o be ((-5)/4)/((-2)/(-8)). Let p be o/(1/(-27 - 0)). Let x be (-28)/(-2) + (-3)/(-3). Calculate the highest common divisor of x and p.
15
Let f(k) = 2*k